{"id":468,"date":"2024-01-10T05:45:35","date_gmt":"2024-01-10T04:45:35","guid":{"rendered":"https:\/\/ramaom.pro\/?page_id=468"},"modified":"2024-08-23T11:03:30","modified_gmt":"2024-08-23T10:03:30","slug":"ecriture-et-correction-de-script","status":"publish","type":"page","link":"https:\/\/ramaom.pro\/index.php\/mes-services\/ecriture-et-correction-de-script\/","title":{"rendered":"\u00c9criture et correction de script"},"content":{"rendered":"\n<h2 class=\"wp-block-heading\">\u00c9criture et correction de Script : donnons vie \u00e0 vos mots !<\/h2>\n\n\n\n<p>\u00c9crire un script, c&rsquo;est comme composer une m\u00e9lodie avec des mots. C&rsquo;est un exercice d&rsquo;\u00e9quilibre d\u00e9licat entre cr\u00e9ativit\u00e9 et clart\u00e9, o\u00f9 chaque phrase doit r\u00e9sonner dans l&rsquo;oreille de l&rsquo;auditeur tout en v\u00e9hiculant un message puissant. Quand vous faites appel \u00e0 mes services, vous engagez un artisan des mots, un partenaire d\u00e9vou\u00e9 \u00e0 la r\u00e9ussite de votre projet.<\/p>\n\n\n\n<p><\/p>\n\n\n\n<h3 class=\"wp-block-heading\">Dialogue et conception sur mesure<\/h3>\n\n\n\n<p>Tout commence par un dialogue avec vous. Votre vision, vos id\u00e9es, vos ambitions\u2026 c&rsquo;est le terreau fertile sur lequel je construis. Si vous avez d\u00e9j\u00e0 un d\u00e9but de concept, je le fa\u00e7onne, le d\u00e9veloppe, et lui donne vie sous forme d&rsquo;un script audio captivant. Si vous partez d&rsquo;une page blanche, je vous guide dans la cr\u00e9ation de ce script, depuis l&rsquo;id\u00e9e initiale jusqu&rsquo;\u00e0 sa concr\u00e9tisation.<\/p>\n\n\n\n<p><\/p>\n\n\n\n<h3 class=\"wp-block-heading\">Perfectionnement et finition artistique<\/h3>\n\n\n\n<p>Un script d\u00e9j\u00e0 r\u00e9dig\u00e9 b\u00e9n\u00e9ficie souvent d&rsquo;un regard neuf et expert. Tel un orf\u00e8vre avec son m\u00e9tal pr\u00e9cieux, je peaufine chaque ligne, chaque mot, pour am\u00e9liorer, rectifier et sublimer. Grammaire, syntaxe, fluidit\u00e9, chaque aspect est m\u00e9ticuleusement travaill\u00e9 pour assurer une expression orale naturelle et marquante.<\/p>\n\n\n\n<p><\/p>\n\n\n\n<h3 class=\"wp-block-heading\">L&rsquo;essence de l&rsquo;exp\u00e9rience audio<\/h3>\n\n\n\n<p>Qu&rsquo;il s&rsquo;agisse d&rsquo;une narration envo\u00fbtante, d&rsquo;un dialogue dynamique, ou d&rsquo;une description \u00e9vocatrice, je mod\u00e8le chaque \u00e9l\u00e9ment du script pour une exp\u00e9rience auditive optimale. Mon but est de transformer le texte en une partition pour les oreilles, une \u0153uvre qui parle autant qu&rsquo;elle chante.<\/p>\n\n\n\n<p><\/p>\n\n\n\n<h3 class=\"wp-block-heading\">Une polyvalence cr\u00e9ative pour tous les Univers<\/h3>\n\n\n\n<p>Que votre projet soit <a href=\"https:\/\/ramaom.pro\/index.php\/mes-services\/realiser-un-podcast\/\">un podcast<\/a>, un documentaire, un feuilleton radiophonique, un spot publicitaire ou une narration d&rsquo;audiobook immersive, j&rsquo;adapte mon approche \u00e0 chaque genre. Cette adaptabilit\u00e9 est la pierre angulaire de mes services et permet que chaque projet soit unique.<\/p>\n\n\n\n<p><\/p>\n\n\n\n<h3 class=\"wp-block-heading\">Un partenariat pour cr\u00e9er des Chefs-d&rsquo;\u0152uvre<\/h3>\n\n\n\n<p>Ce que je vous offre, c&rsquo;est bien plus qu&rsquo;une prestation d&rsquo;\u00e9criture et de correction. C&rsquo;est un engagement, une collaboration o\u00f9 chaque mot, chaque silence, chaque intonation, devient une note dans l&rsquo;orchestre de votre projet audio.<\/p>\n\n\n\n<p>Votre r\u00e9ussite est ma fiert\u00e9, et chaque script est une nouvelle aventure, un nouveau d\u00e9fi \u00e0 relever ensemble.&nbsp;<\/p>\n\n\n\n<p>Je reste dans l\u2019attente de votre <a href=\"https:\/\/wa.me\/+22940660748\">message ou appel<\/a>.<\/p>\n","protected":false},"excerpt":{"rendered":"<p>\u00c9criture et correction de Script : donnons vie \u00e0 vos mots ! \u00c9crire un script, [&hellip;]<\/p>\n","protected":false},"author":1,"featured_media":469,"parent":207,"menu_order":0,"comment_status":"closed","ping_status":"closed","template":"","meta":{"footnotes":""},"class_list":["post-468","page","type-page","status-publish","has-post-thumbnail","hentry"],"yoast_head":"<!-- This site is optimized with the Yoast SEO plugin v27.1.1 - https:\/\/yoast.com\/product\/yoast-seo-wordpress\/ -->\n<title>\u00c9criture et correction de script - Ramaom<\/title>\n<meta name=\"robots\" content=\"index, follow, max-snippet:-1, max-image-preview:large, max-video-preview:-1\" \/>\n<link rel=\"canonical\" href=\"https:\/\/ramaom.pro\/index.php\/mes-services\/ecriture-et-correction-de-script\/\" \/>\n<meta property=\"og:locale\" content=\"fr_FR\" \/>\n<meta property=\"og:type\" content=\"article\" \/>\n<meta property=\"og:title\" content=\"\u00c9criture et correction de script - Ramaom\" \/>\n<meta property=\"og:description\" content=\"\u00c9criture et correction de Script : donnons vie \u00e0 vos mots ! \u00c9crire un script, [&hellip;]\" \/>\n<meta property=\"og:url\" content=\"https:\/\/ramaom.pro\/index.php\/mes-services\/ecriture-et-correction-de-script\/\" \/>\n<meta property=\"og:site_name\" content=\"Ramaom\" \/>\n<meta property=\"article:modified_time\" content=\"2024-08-23T10:03:30+00:00\" \/>\n<meta property=\"og:image\" content=\"https:\/\/ramaom.pro\/wp-content\/uploads\/2024\/01\/pexels-ron-lach-7969729-scaled.jpg\" \/>\n\t<meta property=\"og:image:width\" content=\"2560\" \/>\n\t<meta property=\"og:image:height\" content=\"1707\" \/>\n\t<meta property=\"og:image:type\" content=\"image\/jpeg\" \/>\n<meta name=\"twitter:card\" content=\"summary_large_image\" \/>\n<meta name=\"twitter:site\" content=\"@Phitodouss\" \/>\n<meta name=\"twitter:label1\" content=\"Dur\u00e9e de lecture estim\u00e9e\" \/>\n\t<meta name=\"twitter:data1\" content=\"2 minutes\" \/>\n<script type=\"application\/ld+json\" class=\"yoast-schema-graph\">{\"@context\":\"https:\/\/schema.org\",\"@graph\":[{\"@type\":\"WebPage\",\"@id\":\"https:\/\/ramaom.pro\/index.php\/mes-services\/ecriture-et-correction-de-script\/\",\"url\":\"https:\/\/ramaom.pro\/index.php\/mes-services\/ecriture-et-correction-de-script\/\",\"name\":\"\u00c9criture et correction de script - Ramaom\",\"isPartOf\":{\"@id\":\"https:\/\/ramaom.pro\/#website\"},\"primaryImageOfPage\":{\"@id\":\"https:\/\/ramaom.pro\/index.php\/mes-services\/ecriture-et-correction-de-script\/#primaryimage\"},\"image\":{\"@id\":\"https:\/\/ramaom.pro\/index.php\/mes-services\/ecriture-et-correction-de-script\/#primaryimage\"},\"thumbnailUrl\":\"https:\/\/ramaom.pro\/wp-content\/uploads\/2024\/01\/pexels-ron-lach-7969729-scaled.jpg\",\"datePublished\":\"2024-01-10T04:45:35+00:00\",\"dateModified\":\"2024-08-23T10:03:30+00:00\",\"breadcrumb\":{\"@id\":\"https:\/\/ramaom.pro\/index.php\/mes-services\/ecriture-et-correction-de-script\/#breadcrumb\"},\"inLanguage\":\"fr-FR\",\"potentialAction\":[{\"@type\":\"ReadAction\",\"target\":[\"https:\/\/ramaom.pro\/index.php\/mes-services\/ecriture-et-correction-de-script\/\"]}]},{\"@type\":\"ImageObject\",\"inLanguage\":\"fr-FR\",\"@id\":\"https:\/\/ramaom.pro\/index.php\/mes-services\/ecriture-et-correction-de-script\/#primaryimage\",\"url\":\"https:\/\/ramaom.pro\/wp-content\/uploads\/2024\/01\/pexels-ron-lach-7969729-scaled.jpg\",\"contentUrl\":\"https:\/\/ramaom.pro\/wp-content\/uploads\/2024\/01\/pexels-ron-lach-7969729-scaled.jpg\",\"width\":2560,\"height\":1707},{\"@type\":\"BreadcrumbList\",\"@id\":\"https:\/\/ramaom.pro\/index.php\/mes-services\/ecriture-et-correction-de-script\/#breadcrumb\",\"itemListElement\":[{\"@type\":\"ListItem\",\"position\":1,\"name\":\"Accueil\",\"item\":\"https:\/\/ramaom.pro\/\"},{\"@type\":\"ListItem\",\"position\":2,\"name\":\"Mes services\",\"item\":\"https:\/\/ramaom.pro\/index.php\/mes-services\/\"},{\"@type\":\"ListItem\",\"position\":3,\"name\":\"\u00c9criture et correction de script\"}]},{\"@type\":\"WebSite\",\"@id\":\"https:\/\/ramaom.pro\/#website\",\"url\":\"https:\/\/ramaom.pro\/\",\"name\":\"Ramaom\",\"description\":\"R\u00e9alisateur Sonore\",\"publisher\":{\"@id\":\"https:\/\/ramaom.pro\/#\/schema\/person\/b2acf00453cedffd96335832dc72d187\"},\"potentialAction\":[{\"@type\":\"SearchAction\",\"target\":{\"@type\":\"EntryPoint\",\"urlTemplate\":\"https:\/\/ramaom.pro\/?s={search_term_string}\"},\"query-input\":{\"@type\":\"PropertyValueSpecification\",\"valueRequired\":true,\"valueName\":\"search_term_string\"}}],\"inLanguage\":\"fr-FR\"},{\"@type\":[\"Person\",\"Organization\"],\"@id\":\"https:\/\/ramaom.pro\/#\/schema\/person\/b2acf00453cedffd96335832dc72d187\",\"name\":\"Ramaom Oussou\",\"image\":{\"@type\":\"ImageObject\",\"inLanguage\":\"fr-FR\",\"@id\":\"https:\/\/ramaom.pro\/#\/schema\/person\/image\/\",\"url\":\"https:\/\/ramaom.pro\/wp-content\/uploads\/2023\/09\/cropped-Logro-Neutre-ramaom.pro_.png\",\"contentUrl\":\"https:\/\/ramaom.pro\/wp-content\/uploads\/2023\/09\/cropped-Logro-Neutre-ramaom.pro_.png\",\"width\":1080,\"height\":1080,\"caption\":\"Ramaom Oussou\"},\"logo\":{\"@id\":\"https:\/\/ramaom.pro\/#\/schema\/person\/image\/\"},\"sameAs\":[\"http:\/\/ramaom.pro\"]}]}<\/script>\n<!-- \/ Yoast SEO plugin. -->","yoast_head_json":{"title":"\u00c9criture et correction de script - Ramaom","robots":{"index":"index","follow":"follow","max-snippet":"max-snippet:-1","max-image-preview":"max-image-preview:large","max-video-preview":"max-video-preview:-1"},"canonical":"https:\/\/ramaom.pro\/index.php\/mes-services\/ecriture-et-correction-de-script\/","og_locale":"fr_FR","og_type":"article","og_title":"\u00c9criture et correction de script - Ramaom","og_description":"\u00c9criture et correction de Script : donnons vie \u00e0 vos mots ! \u00c9crire un script, [&hellip;]","og_url":"https:\/\/ramaom.pro\/index.php\/mes-services\/ecriture-et-correction-de-script\/","og_site_name":"Ramaom","article_modified_time":"2024-08-23T10:03:30+00:00","og_image":[{"width":2560,"height":1707,"url":"https:\/\/ramaom.pro\/wp-content\/uploads\/2024\/01\/pexels-ron-lach-7969729-scaled.jpg","type":"image\/jpeg"}],"twitter_card":"summary_large_image","twitter_site":"@Phitodouss","twitter_misc":{"Dur\u00e9e de lecture estim\u00e9e":"2 minutes"},"schema":{"@context":"https:\/\/schema.org","@graph":[{"@type":"WebPage","@id":"https:\/\/ramaom.pro\/index.php\/mes-services\/ecriture-et-correction-de-script\/","url":"https:\/\/ramaom.pro\/index.php\/mes-services\/ecriture-et-correction-de-script\/","name":"\u00c9criture et correction de script - Ramaom","isPartOf":{"@id":"https:\/\/ramaom.pro\/#website"},"primaryImageOfPage":{"@id":"https:\/\/ramaom.pro\/index.php\/mes-services\/ecriture-et-correction-de-script\/#primaryimage"},"image":{"@id":"https:\/\/ramaom.pro\/index.php\/mes-services\/ecriture-et-correction-de-script\/#primaryimage"},"thumbnailUrl":"https:\/\/ramaom.pro\/wp-content\/uploads\/2024\/01\/pexels-ron-lach-7969729-scaled.jpg","datePublished":"2024-01-10T04:45:35+00:00","dateModified":"2024-08-23T10:03:30+00:00","breadcrumb":{"@id":"https:\/\/ramaom.pro\/index.php\/mes-services\/ecriture-et-correction-de-script\/#breadcrumb"},"inLanguage":"fr-FR","potentialAction":[{"@type":"ReadAction","target":["https:\/\/ramaom.pro\/index.php\/mes-services\/ecriture-et-correction-de-script\/"]}]},{"@type":"ImageObject","inLanguage":"fr-FR","@id":"https:\/\/ramaom.pro\/index.php\/mes-services\/ecriture-et-correction-de-script\/#primaryimage","url":"https:\/\/ramaom.pro\/wp-content\/uploads\/2024\/01\/pexels-ron-lach-7969729-scaled.jpg","contentUrl":"https:\/\/ramaom.pro\/wp-content\/uploads\/2024\/01\/pexels-ron-lach-7969729-scaled.jpg","width":2560,"height":1707},{"@type":"BreadcrumbList","@id":"https:\/\/ramaom.pro\/index.php\/mes-services\/ecriture-et-correction-de-script\/#breadcrumb","itemListElement":[{"@type":"ListItem","position":1,"name":"Accueil","item":"https:\/\/ramaom.pro\/"},{"@type":"ListItem","position":2,"name":"Mes services","item":"https:\/\/ramaom.pro\/index.php\/mes-services\/"},{"@type":"ListItem","position":3,"name":"\u00c9criture et correction de script"}]},{"@type":"WebSite","@id":"https:\/\/ramaom.pro\/#website","url":"https:\/\/ramaom.pro\/","name":"Ramaom","description":"R\u00e9alisateur Sonore","publisher":{"@id":"https:\/\/ramaom.pro\/#\/schema\/person\/b2acf00453cedffd96335832dc72d187"},"potentialAction":[{"@type":"SearchAction","target":{"@type":"EntryPoint","urlTemplate":"https:\/\/ramaom.pro\/?s={search_term_string}"},"query-input":{"@type":"PropertyValueSpecification","valueRequired":true,"valueName":"search_term_string"}}],"inLanguage":"fr-FR"},{"@type":["Person","Organization"],"@id":"https:\/\/ramaom.pro\/#\/schema\/person\/b2acf00453cedffd96335832dc72d187","name":"Ramaom Oussou","image":{"@type":"ImageObject","inLanguage":"fr-FR","@id":"https:\/\/ramaom.pro\/#\/schema\/person\/image\/","url":"https:\/\/ramaom.pro\/wp-content\/uploads\/2023\/09\/cropped-Logro-Neutre-ramaom.pro_.png","contentUrl":"https:\/\/ramaom.pro\/wp-content\/uploads\/2023\/09\/cropped-Logro-Neutre-ramaom.pro_.png","width":1080,"height":1080,"caption":"Ramaom Oussou"},"logo":{"@id":"https:\/\/ramaom.pro\/#\/schema\/person\/image\/"},"sameAs":["http:\/\/ramaom.pro"]}]}},"_links":{"self":[{"href":"https:\/\/ramaom.pro\/index.php\/wp-json\/wp\/v2\/pages\/468","targetHints":{"allow":["GET"]}}],"collection":[{"href":"https:\/\/ramaom.pro\/index.php\/wp-json\/wp\/v2\/pages"}],"about":[{"href":"https:\/\/ramaom.pro\/index.php\/wp-json\/wp\/v2\/types\/page"}],"author":[{"embeddable":true,"href":"https:\/\/ramaom.pro\/index.php\/wp-json\/wp\/v2\/users\/1"}],"replies":[{"embeddable":true,"href":"https:\/\/ramaom.pro\/index.php\/wp-json\/wp\/v2\/comments?post=468"}],"version-history":[{"count":4,"href":"https:\/\/ramaom.pro\/index.php\/wp-json\/wp\/v2\/pages\/468\/revisions"}],"predecessor-version":[{"id":986,"href":"https:\/\/ramaom.pro\/index.php\/wp-json\/wp\/v2\/pages\/468\/revisions\/986"}],"up":[{"embeddable":true,"href":"https:\/\/ramaom.pro\/index.php\/wp-json\/wp\/v2\/pages\/207"}],"wp:featuredmedia":[{"embeddable":true,"href":"https:\/\/ramaom.pro\/index.php\/wp-json\/wp\/v2\/media\/469"}],"wp:attachment":[{"href":"https:\/\/ramaom.pro\/index.php\/wp-json\/wp\/v2\/media?parent=468"}],"curies":[{"name":"wp","href":"https:\/\/api.w.org\/{rel}","templated":true}]}}